3?
True
Is 109942556 a multiple of 5?
False
Does 7 divide 725350855?
False
Does 22 divide 684197973?
False
Is 27 a factor of 2548638?
True
Is 12975091 a multiple of 647?
False
Does 198 divide 726376068?
True
Is 19 a factor of 101082591?
False
Does 260 divide 18296720?
True
Is 40024046 a multiple of 28?
False
Is 26416352 a multiple of 32?
True
Is 316867460 a multiple of 4612?
True
Is 355253847 a multiple of 21?
False
Is 1021111009 a multiple of 82?
False
Does 1145 divide 2114747445?
True
Does 5246 divide 515423175?
False
Does 66 divide 99702766?
False
Does 23 divide 148050817?
False
Does 1222 divide 188491056?
True
Does 9200 divide 4158620800?
True
Is 66964968 a multiple of 1026?
True
Is 83465266 a multiple of 70?
False
Is 1238 a factor of 426578898?
True
Does 4 divide 750884?
True
Is 353577998 a multiple of 37?
False
Is 72268097 a multiple of 5?
False
Is 3459 a factor of 102949190?
False
Is 2 a factor of 3339347?
False
Does 6735 divide 5262755940?
True
Is 272322120 a multiple of 876?
True
Is 136 a factor of 88207238?
False
Does 33 divide 659774149?
False
Is 13 a factor of 108729075?
True
Is 24 a factor of 341736816?
True
Does 2583 divide 127195863?
False
Is 54731568 a multiple of 408?
True
Is 147058548 a multiple of 4?
True
Is 55992172 a multiple of 702?
False
Does 11 divide 652347907?
False
Is 37018089 a multiple of 11?
False
Is 173 a factor of 110143737?
True
Is 3 a factor of 310125143?
False
Is 467062779 a multiple of 1271?
False
Does 25 divide 576854175?
True
Does 360 divide 410491861?
False
Is 13 a factor of 44301166?
True
Does 237 divide 102386133?
True
Is 1123892954 a multiple of 246?
False
Does 378 divide 1489487368?
False
Is 5875560 a multiple of 10?
True
Does 15 divide 94133542?
False
Is 349994494 a multiple of 1428?
False
Is 67 a factor of 73788108?
False
Is 82993554 a multiple of 126?
True
Is 17 a factor of 24510311?
True
Is 68139246 a multiple of 303?
True
Is 7536947305 a multiple of 4688?
False
Does 459 divide 27747468?
True
Is 2537 a factor of 31839350?
True
Is 3151 a factor of 1406802280?
False
Is 2022 a factor of 236790354?
True
Is 22709030 a multiple of 290?
True
Is 11904828 a multiple of 28?
False
Does 44 divide 133393216?
True
Does 17 divide 51510?
True
Is 419 a factor of 1551557?
True
Is 27 a factor of 1247037480?
False
Does 731 divide 2459621285?
True
Is 360 a factor of 103533840?
True
Does 1247 divide 1651226498?
False
Is 177 a factor of 807464360?
False
Is 320 a factor of 451933583?
False
Is 55155289 a multiple of 759?
False
Does 5 divide 9804080?
True
Does 1626 divide 775901654?
False
Does 22 divide 75674500?
True
Is 152518 a multiple of 78?
False
Is 4 a factor of 464960630?
False
Is 463 a factor of 1004503642?
False
Is 1063 a factor of 1132487725?
False
Is 2823 a factor of 30085268?
False
Is 28 a factor of 109232620?
True
Does 7 divide 392370782?
False
Is 341340440 a multiple of 4634?
True
Is 129 a factor of 656213379?
False
Is 83920077 a multiple of 992?
False
Does 3 divide 21690672?
True
Is 4 a factor of 23937462?
False
Is 25 a factor of 48768375?
True
Is 27650414 a multiple of 103?
False
Is 309862279 even?
False
Is 81 a factor of 265909095?
False
Does 450 divide 306891967?
False
Is 4093458 a multiple of 27?
False
Is 168 a factor of 4518253696?
False
Is 3440685 a multiple of 15?
True
Is 345399964 a multiple of 665?
False
Is 357 a factor of 13427127?
True
Is 42954011 a multiple of 817?
False
Is 563 a factor of 156154794?
False
Is 102989793 a multiple of 1035?
False
Is 975861090 a multiple of 190?
True
Is 1722641085 a multiple of 5171?
True
Is 51994897 a multiple of 133?
False
Is 658 a factor of 1714061706?
True
Is 464 a factor of 218224768?
True
Is 41801961 a multiple of 507?
False
Is 792 a factor of 27011952?
True
Does 179 divide 44669987?
True
Is 11922854 a multiple of 35?
False
Is 4 a factor of 678957688?
True
Is 2266 a factor of 78012341?
False
Does 5 divide 209795?
True
Does 178 divide 31846336?
True
Is 1065148 a multiple of 3052?
True
Does 4234 divide 2282528230?
True
Is 23242004 a multiple of 1037?
False
Is 4495083 a multiple of 17?
False
Is 163178592 a multiple of 12?
True
Is 146772408 a multiple of 12?
True
Is 8589828 a multiple of 13?
True
Is 866 a factor of 2250490654?
True
Is 50379708 a multiple of 12?
True
Does 223 divide 62108315?
False
Does 10 divide 457303532?
False
Is 10 a factor of 230730?
True
Is 27495419 a multiple of 17?
False
Does 140 divide 3360560?
True
Does 89 divide 200321912?
True
Is 39 a factor of 107746617?
False
Does 169 divide 11497896?
False
Is 1372629522 a multiple of 4202?
True
Is 77022362 a multiple of 2161?
True
Is 677 a factor of 164209058?
True
Is 26 a factor of 2048408651?
False
Does 12811 divide 927462628?
False
Is 189295809 a multiple of 5?
False
Is 401415386 a multiple of 810?
False
Does 4 divide 57839454?
False
Does 5070 divide 113475708?
False
Does 487 divide 1829670?
False
Does 105 divide 2728479266?
False
Is 88 a factor of 57672736?
True
Is 30 a factor of 48867030?
True
Is 7 a factor of 20561352?
True
Does 127 divide 58191811?
False
Does 13 divide 51282387?
True
Is 5 a factor of 441502620?
True
Is 171998043 a multiple of 24?
False
Does 1863 divide 39357738?
True
Is 9 a factor of 94094523?
True
Does 226 divide 751933414?
True
Is 60435116 a multiple of 118?
True
Is 2614851250 a multiple of 50?
True
Is 6 a factor of 25205557?
False
Does 111 divide 195758934?
True
Is 2717 a factor of 166340174?
True
Is 274 a factor of 178930768?
True
Does 913 divide 389578926?
True
Does 306 divide 5586705142?
False
Does 29 divide 44769214?
True
Does 28 divide 14120120?
True
Is 853733144 a multiple of 44?
True
Is 150384124 a multiple of 121?
True
Is 18946130 a multiple of 152?
False
Does 205 divide 267781714?
False
Is 8220 a factor of 921781064?
False
Is 199 a factor of 7274551?
False
Is 27673626 a multiple of 31?
False
Is 29 a factor of 35376607?
True
Is 18285255 a multiple of 9?
True
Does 11 divide 22479941?
True
Is 8 a factor of 12204007?
False
Is 17 a factor of 507174478?
False
Does 795 divide 42637440?
True
Is 2222 a factor of 79894232?
True
Does 309 divide 14200005?
False
Is 488644728 a multiple of 88?
True
Is 1829927554 a multiple of 182?
True
Does 454 divide 132984318?
True
Does 218 divide 3097406017?
False
Is 287118212 a multiple of 4?
True
Is 59919333 a multiple of 20?
False
Is 9 a factor of 43588744?
False
Does 4413 divide 27019173?
False
Does 311 divide 314967334?
False
Is 47 a factor of 65054599?
False
Is 7203315 a multiple of 7?
True
Does 120 divide 671931113?
False
Is 2905 a factor of 2935354345?
True
Is 256 a factor of 24614400?
True
Is 630 a factor of 36850590?
True
Does 162 divide 381477438?
True
Is 48 a factor of 752553860?
False
Does 567 divide 84001868?
False
Is 12350665 a multiple of 7?
False
Is 247948470 a multiple of 154?
True
Is 92 a factor of 367187364?
True
Is 1561877121 a multiple of 19?
True
Is 573760599 a multiple of 47?
False
Is 193 a factor of 365590006?
False
Is 9008694 a multiple of 18?
True
Is 18 a factor of 30693303?
False
Does 12 divide 3648256?
False
Does 131 divide 49567125?
True
Does 317 divide 40887294?
True
Is 457585376 a multiple of 1346?
False
Does 1369 divide 424143128?
False
Does 2209 divide 992311517?
True
Does 385 divide 5369921144?
False
Does 88 divide 18021080?
True
Does 22 divide 58110513?
False
Is 1591 a factor of 6029890985?
False
Does 1347 divide 127854827?
False
Is 6339575 a multiple of 12?
False
Is 150135025 a multiple of 25?
True
Is 681820132 a multiple of 5?
False
Is 25 a factor of 211274650?
True
Does 4884 divide 438773679?
False
Is 27 a factor of 44655165?
True
Is 672245240 a multiple of 11?
False
Does 34 divide 25911765?
False
Is 101 a factor of 45306312?
False
Is 10162543 a multiple of 11?
False
Is 113071 even?
False
Is 64696872 a multiple of 45?
False
Is 2331 a factor of 806351175?
True
Is 4187957 a multiple of 3?
False
Does 444 divide 61744806?
False
Is 932567752 a multiple of 8?
True
Is 20 a factor of 632883720?
True
Is 29078186 a multiple of 346?
True
Does 3187 divide 33518888?
False
Is 18945450 a multiple of 356?
False
Is 130308866 a multiple of 1701?
False
Is 56836791 a multiple of 2?
False
Is 44011827 a multiple of 42?
False
Is 36 a factor of 337157699?
False
Is 552 a factor of 333761280?
True
Is 36885860 a multiple of 2